 the highest common divisor of 510 and z.
30
Let l = 464 - 154. Calculate the highest common factor of 20 and l.
10
Suppose 0*p + 52 = 2*r - 4*p, 0 = 2*p + 8. Suppose 0 = 4*u + 29 + 35. Let v = u - -28. What is the greatest common divisor of r and v?
6
Suppose 6*c = -7 + 37. Suppose c*m - 3*m = 6. Let v be (-18)/4*(5 - 11). Calculate the greatest common factor of m and v.
3
Suppose 0 = -24*b - 12*b + 8100. Let p = 5 + 10. Calculate the highest common factor of b and p.
15
Let b be -3 + 4 - (3 - 2 - 60). Let l(f) = f**2 - 11*f + 7. Let x be l(7). Let v = -6 - x. Calculate the highest common factor of b and v.
15
Let b(r) = 2*r**3 + 5*r**2 - 4*r - 1. Let n be b(2). Calculate the highest common factor of 1440 and n.
9
Let i be (-34)/255 - (-1806)/45. What is the greatest common divisor of 440 and i?
40
Let w be 7076/14 - ((-162)/63 + 2). Calculate the greatest common factor of 184 and w.
46
Suppose 4*z = -y + 28, -z - 2*y + 7 = -3*y. Suppose g + 2*g = 15. Suppose -g*n + 10*n = 70. Calculate the highest common divisor of n and z.
7
Suppose 0 = 4*f - 1338 + 1306. What is the highest common divisor of f and 8?
8
Let g(a) = a. Let i be g(6). Let k be i/(-12)*66*3/(-3). What is the greatest common divisor of 363 and k?
33
Let s = -22 - -25. Suppose s*m = -7 + 16. Suppose 0 = -m*t + g + 181 + 47, -2*t - 5*g + 169 = 0. What is the greatest common factor of t and 11?
11
Suppose -263 = -2*u - q, 4 = 4*q + 8. What is the highest common divisor of 24 and u?
12
Let r be (6/5)/(((-4)/55)/(-2)). Suppose 3*t - 60 = -5*n, -2*t = 2*n + t - r. What is the highest common factor of n and 18?
9
Let n be (-4)/(-6)*(178/(-4) + 1). Let h = n - -53. Suppose 3*t - 72 + 24 = 0. Calculate the highest common divisor of t and h.
8
Let t(z) = -z**3 + 4*z + 1. Let j(y) = y**2 + 4*y - 5. Let c be j(-4). Let g = c - -2. Let r be t(g). What is the greatest common divisor of r and 128?
16
Let f(v) = -v**2 - 12*v + 7. Let i be f(-12). Suppose n + i = -0*n. Let y be 1*111 - (-7)/n. What is the greatest common divisor of y and 10?
10
Suppose 0 = -7*m + 357 + 259. Let w = 29 + -9. Let b = 31 - w. What is the highest common factor of b and m?
11
Let u(d) = -d**3 + d**2 + d. Let p be u(0). Suppose p = -2*b + b + 38. Let o = b - 24. Calculate the greatest common divisor of o and 2.
2
Let s be 3 - ((0 - (-4704)/(-4)) + 6). What is the highest common divisor of 51 and s?
51
Let d(u) = -39*u + 262. Let s be d(6). What is the highest common factor of s and 175?
7
Suppose 2*d = -w + 65, 20 = -3*d - 3*w + 122. Suppose -a + 2*a = -4*n + 13, -4*n = 3*a - d. What is the greatest common divisor of a and 6?
3
Suppose 4*w = -2*o + 14, -4*w = -2*w - o - 5. Let t be 2/w - 21/(-9). Suppose 2*s - 29 = t. What is the highest common divisor of s and 4?
4
Let u be 30/4*176/(-12). Let x = u + 166. Let g = -4 + x. What is the greatest common factor of 130 and g?
26
Let j = -233 + 453. Let t = 5 + 15. Calculate the highest common factor of t and j.
20
Let t = -10 + 13. Suppose -t*u = -5*g + 55, -u - 3*g = u + 5. Let k be (60/25)/((-2)/u). What is the highest common divisor of k and 30?
6
Let f(z) = 16*z + 140. Let v be f(25). Calculate the greatest common factor of 27 and v.
27
Let r(c) = -2*c**2 + 22*c - 15. Let v be r(9). Let w(j) = -3*j + 66. Let s be w(v). Calculate the highest common factor of 3 and s.
3
Let d = -680 + 731. What is the highest common divisor of 476 and d?
17
Suppose -5*b = -4*i - 500, 88 = -2*b + i + 285. Let u(t) = -4*t + 96. Let q be u(18). What is the highest common factor of q and b?
24
Let b(r) = 9*r**2 - 7*r + 15. Let f be b(6). Let l be (-8)/20 - 137/(-5). Calculate the highest common divisor of l and f.
27
Let z = 84 - 30. Let o = z - 37. Calculate the highest common factor of o and 119.
17
Let r(y) = -1. Let w(f) = f**2 - 4*f - 4. Let i(o) = 3*r(o) + w(o). Let n be 17/3 + (-2)/(-6). Let d be i(n). What is the highest common divisor of 35 and d?
5
Let b(w) = -22*w - 83. Let f be b(-4). What is the greatest common divisor of f and 325?
5
Suppose x = -y - 23, y + 7 = -3*x - 12. Let z = -18 - y. What is the greatest common divisor of 28 and z?
7
Let n = -1 + 4. Let u be (38/n + -2)*3. Suppose 36*v = 37*v + 4*f - 24, 0 = v - f - 4. What is the highest common divisor of u and v?
8
Suppose 0 = 5*z - 39 + 204. Let j = 132 + z. What is the greatest common factor of 11 and j?
11
Let v(p) = -18*p. Let l be v(-1). Suppose 5*o = 4*w - 611, 3*o = -4*w + 244 + 311. What is the greatest common divisor of w and l?
18
Suppose -5*r - 3*n + 24 = 0, 3*n - 4 = 2*r - 1. What is the highest common factor of 75 and r?
3
Suppose -21*v = -23*v + 154. What is the greatest common divisor of 28 and v?
7
Suppose 359*b + 2120 = 379*b. Calculate the highest common divisor of 530 and b.
106
Suppose -18*k + 1170 = 12*k. Calculate the highest common factor of 39 and k.
39
Let z = -40 - -60. Suppose -3*j - 37 = -232. Let f = j - 60. Calculate the highest common factor of z and f.
5
Let t(k) = 0*k - k + 6*k + k - 2. Let q be t(1). What is the greatest common divisor of 20 and q?
4
Suppose -6*j - 45 = -3*j. Let g = 31 + j. Calculate the greatest common divisor of g and 2.
2
Suppose -5*d - 2*a + 162 = 0, 114 = 3*d - 9*a + 6*a. Calculate the greatest common divisor of d and 136.
34
Suppose u = 5*a + 13, -a + 3*a - 39 = -3*u. Let d(q) = -q**3 + 14*q**2 - q - 2. Let o be d(u). What is the highest common factor of o and 22?
22
Suppose -2*o + 5*w + 57 = 0, o - 4*o - w = -43. What is the greatest common divisor of o and 2928?
16
Let p = 71 - 23. Let f be 2/12 - (-3448)/p. What is the highest common divisor of 48 and f?
24
Let h(p) be the third derivative of -p**4/12 + 5*p**3/2 - 4*p**2. Let a be h(-7). Let c = 15 + a. Calculate the highest common divisor of 4 and c.
4
Let z = 359 + -177. Calculate the greatest common factor of z and 28.
14
Suppose 0 = -64*z + 2418 + 85134. Calculate the greatest common factor of z and 18.
18
Let c = -423 - -519. What is the greatest common divisor of c and 120?
24
Let i be 6/33 + (-270)/33. Let h(b) = -b - 7. Let d be h(i). Let m be d + -1 + 2 + 9. Calculate the greatest common factor of m and 88.
11
Let t be 2095/20 + ((-39)/(-12) - 3). What is the highest common factor of t and 147?
21
Suppose 26*v - 265 - 36 = 141. Suppose 2*p + 155 = 2*k - 157, -9 = 3*p. Calculate the highest common factor of v and k.
17
Let d be 2 - (-33 + 0/1). Let j = -311 - -445. Let u = j - d. Calculate the greatest common factor of u and 11.
11
Let m = 244 - 49. Let w = 330 - m. Suppose -u - b + 11 = 0, 3*b = -2*u + 4*b + 34. Calculate the greatest common factor of u and w.
15
Suppose 0*t + 4*l = -3*t + 392, -3*t + 400 = -4*l. Calculate the highest common factor of 330 and t.
66
Let t(l) = -2*l**3 - l**2 - 3*l + 6. Let a be t(0). Suppose 12*m - a = 66. What is the greatest common divisor of m and 2?
2
Let t = 161 - 115. Let q = t - 35. Calculate the greatest common factor of 77 and q.
11
Let w(n) = -n**2 + 21*n - 20. Let i be w(10). Suppose -3*c + i = -0*c. Calculate the highest common factor of c and 120.
30
Let x = 1806 + -762. What is the highest common factor of x and 9?
9
Suppose 87*i + 120 = 89*i - 2*z, -5*i = -z - 312. Calculate the highest common divisor of 168 and i.
21
Let x be 8 - 4 - -93 - 3. Let g = x + -28. Let l(h) = h**2 - h. Let y be l(-2). Calculate the highest common factor of y and g.
6
Let i(u) = -u**3 - 7*u**2 - 13*u - 1. Let c be i(-5). Let r(g) = -g**3 + 5*g**2 + 8*g + 2. Let m be r(6). What is the greatest common divisor of c and m?
14
Let s = -304 + 319. What is the highest common divisor of s and 90?
15
Let k = -36 + 51. Suppose 7*y = 89 + 58. Let a be (-72)/(-14)*490/y. Calculate the highest common divisor of a and k.
15
Let x be (-17 - (0 - 4))/((-1)/(-2)). Let q = -14 - x. Calculate the highest common divisor of q and 6.
6
Let d(u) = -u**2 - u + 13. Let z be d(0). Let a(v) = -12*v - 36. Let t be a(-16). What is the highest common factor of t and z?
13
Suppose 390 = 5*w - 3*v - 7*v, 6 = -3*v. What is the highest common factor of 1369 and w?
37
Let x be ((-390)/104)/((-2)/(-2 - -18)). Calculate the greatest common divisor of 135 and x.
15
Let v(m) = -11*m**3 + 6*m**2 - 2*m - 33. Let q be v(-4). Calculate the greatest common factor of q and 31.
31
Let l(g) = 37*g + 41. Let s be l(3).